{"id":314,"date":"2024-12-02T11:37:02","date_gmt":"2024-12-02T11:37:02","guid":{"rendered":"http:\/\/www.prayana.de\/?page_id=314"},"modified":"2025-04-09T14:18:38","modified_gmt":"2025-04-09T14:18:38","slug":"psychologische-yogatherapie","status":"publish","type":"page","link":"https:\/\/www.prayana.de\/?page_id=314","title":{"rendered":"Psychologische Yogatherapie"},"content":{"rendered":"\n<blockquote class=\"wp-block-quote is-layout-flow wp-block-quote-is-layout-flow\">\n<p>atha yog\u0101nu\u015b\u0101sanam &#8211; (Im) Jetzt beginnt Yoga (<em>Yoga Sutra 1.1<\/em>)<\/p>\n<\/blockquote>\n\n\n\n<p class=\"has-black-color has-text-color has-link-color wp-elements-26b1e18a08145a2f2b1560cca79faaf6\"><em>Viele die regelm\u00e4\u00dfig Yoga \u00fcben merken, dass Yoga &#8222;mehr&#8220; mit einem macht. Nat\u00fcrlich f\u00fchlt sich der K\u00f6rper anders wenn er regelm\u00e4\u00dfig bewegt wird, wenn man ihn dehnt und st\u00e4rkt. Nat\u00fcrlich ist es angenehm f\u00fcr den Geist und den K\u00f6rper Entspannungs\u00fcbungen zu machen. Und das dies auch im Alltag nachwirkt ist w\u00fcnschenswert. <br>Aber da ist oft trotzdem noch mehr. Yoga ber\u00fchrt tiefer. Yoga l\u00e4\u00dft Wahrnehmung entstehen. Yoga f\u00fchrt zu Erkenntnissen. Auch im K\u00f6rper, aber eben nicht nur da.  <\/em><\/p>\n\n\n\n<figure class=\"wp-block-image size-large\"><img loading=\"lazy\" decoding=\"async\" width=\"1024\" height=\"897\" src=\"http:\/\/www.prayana.de\/wp-content\/uploads\/2024\/02\/IMG_8341-1-1024x897.jpg\" alt=\"\" class=\"wp-image-325\" srcset=\"https:\/\/www.prayana.de\/wp-content\/uploads\/2024\/02\/IMG_8341-1-1024x897.jpg 1024w, https:\/\/www.prayana.de\/wp-content\/uploads\/2024\/02\/IMG_8341-1-300x263.jpg 300w, https:\/\/www.prayana.de\/wp-content\/uploads\/2024\/02\/IMG_8341-1-768x673.jpg 768w, https:\/\/www.prayana.de\/wp-content\/uploads\/2024\/02\/IMG_8341-1-1536x1345.jpg 1536w, https:\/\/www.prayana.de\/wp-content\/uploads\/2024\/02\/IMG_8341-1-2048x1794.jpg 2048w\" sizes=\"auto, (max-width: 1024px) 100vw, 1024px\" \/><\/figure>\n\n\n\n<h3 class=\"wp-block-heading\">Was ist psychologische Yogatherapie?<\/h3>\n\n\n\n<p class=\"has-black-color has-text-color has-link-color wp-elements-12514b271e3efb7f9d3dd7941e23647d\">Psychologischer Yogatherapie ist ein Konzept, welches den Integralen Yoga mit der humanistischen Psychologie zusammenf\u00fchrt, besonders mit Methoden der Gestalttherapie. Mit psychologischer Yogatherapie (PYT) kann man ganzheitlich und yogabasiert psychische Belastungen, Lebensthemen und Transformationsprozesse begleiten.&nbsp;<\/p>\n\n\n\n<p class=\"has-black-color has-text-color has-link-color wp-elements-96fbeb44388f62ebc5d00448805bc39c\">Psychologische Yogatherapie versteht sich nicht als Therapieform f\u00fcr psychische Krankheitsbilder sondern als wirksame Methode zum Finden, Kl\u00e4ren und L\u00f6sen von Themen die als belastend oder hemmend erlebt werden. Der Yogatherapeut ist Begleiter am Prozess.&nbsp;<\/p>\n\n\n\n<p class=\"has-black-color has-text-color has-link-color wp-elements-a586660dfa5794ed33522fd680e6cd49\">Zusammengef\u00fchrt wurden die beiden Str\u00e4nge von Shivakami Erika Bretz durch ihre eigene Arbeit als Gestalttherapeutin und ihr umfassendes theoretische und praktische Wissen \u00fcber den integralen Yoga. Diese fruchtbare Vereinigung ist das, was sie jetzt lehrt und was ich dankenswerterweise bei ihr im Rahmen meiner Ausbildung zur &#8222;Psychologischen Yogatherapeutin (BYAT)&#8220; lernen und erfahren durfte.<\/p>\n\n\n\n<h3 class=\"wp-block-heading\">F\u00fcr wen eignet sich psychologische Yogatherapie?<\/h3>\n\n\n\n<p class=\"has-black-color has-text-color has-link-color wp-elements-a9402175792dac850d37a050da06d61f\">Psychologische Yogatherapie ist f\u00fcr Menschen, die bereits Yoga \u00fcben. Als psychologische Yogatherapeutin begleite ich dich bei deinem Prozess. Ich biete dir Raum und Methoden um dich deinen Themen und deinen Konflikten zu n\u00e4hern, damit du zu einer Kl\u00e4rung kommen kannst.<\/p>\n\n\n\n<h3 class=\"wp-block-heading\">Was passiert in einer Einzelarbeit?<\/h3>\n\n\n\n<p class=\"has-black-color has-text-color has-link-color wp-elements-8abed77764c15a3deb8f6246e51306e4\">Der Ablauf der Einzelarbeit und die Auswahl der Methoden richtet sich nach deinem Thema und was sich individuell f\u00fcr dich anbietet. Zusammen gehen wir auf deine Reise, ich begleite dich, doch du kannst in jedem Moment entscheiden \u00fcber das wie und wohin. Jeder Prozess ist einzigartig, so wie du auch einzigartig bist.<\/p>\n\n\n\n<h3 class=\"wp-block-heading\">Jetzt deinen Prozess starten: <\/h3>\n\n\n\n<p>Schreibe mir unter info@prayana.de<\/p>\n","protected":false},"excerpt":{"rendered":"<p>atha yog\u0101nu\u015b\u0101sanam &#8211; (Im) Jetzt beginnt Yoga (Yoga Sutra 1.1) Viele die regelm\u00e4\u00dfig Yoga \u00fcben merken, dass Yoga &#8222;mehr&#8220; mit einem macht. Nat\u00fcrlich f\u00fchlt sich der K\u00f6rper anders wenn er regelm\u00e4\u00dfig bewegt wird, wenn man ihn dehnt und st\u00e4rkt. Nat\u00fcrlich ist es angenehm f\u00fcr den Geist und den K\u00f6rper Entspannungs\u00fcbungen zu machen. Und das dies<\/p>\n<div><a class=\"btn-filled btn\" href=\"https:\/\/www.prayana.de\/?page_id=314\" title=\"Psychologische Yogatherapie\">Weiterlesen<\/a><\/div>\n","protected":false},"author":1,"featured_media":0,"parent":0,"menu_order":0,"comment_status":"closed","ping_status":"closed","template":"","meta":{"footnotes":""},"class_list":["post-314","page","type-page","status-publish","hentry"],"_links":{"self":[{"href":"https:\/\/www.prayana.de\/index.php?rest_route=\/wp\/v2\/pages\/314","targetHints":{"allow":["GET"]}}],"collection":[{"href":"https:\/\/www.prayana.de\/index.php?rest_route=\/wp\/v2\/pages"}],"about":[{"href":"https:\/\/www.prayana.de\/index.php?rest_route=\/wp\/v2\/types\/page"}],"author":[{"embeddable":true,"href":"https:\/\/www.prayana.de\/index.php?rest_route=\/wp\/v2\/users\/1"}],"replies":[{"embeddable":true,"href":"https:\/\/www.prayana.de\/index.php?rest_route=%2Fwp%2Fv2%2Fcomments&post=314"}],"version-history":[{"count":18,"href":"https:\/\/www.prayana.de\/index.php?rest_route=\/wp\/v2\/pages\/314\/revisions"}],"predecessor-version":[{"id":398,"href":"https:\/\/www.prayana.de\/index.php?rest_route=\/wp\/v2\/pages\/314\/revisions\/398"}],"wp:attachment":[{"href":"https:\/\/www.prayana.de\/index.php?rest_route=%2Fwp%2Fv2%2Fmedia&parent=314"}],"curies":[{"name":"wp","href":"https:\/\/api.w.org\/{rel}","templated":true}]}}