{"id":2,"date":"2019-05-22T16:42:48","date_gmt":"2019-05-22T16:42:48","guid":{"rendered":"http:\/\/s523074811.online.de\/?page_id=2"},"modified":"2025-08-13T12:07:31","modified_gmt":"2025-08-13T12:07:31","slug":"sample-page","status":"publish","type":"page","link":"https:\/\/www.prayana.de\/","title":{"rendered":"Prayana"},"content":{"rendered":"\n<p>Das Wort \u201eprayana\u201c \u2013 \u092a\u094d\u0930\u092f\u093e\u0923 \u2013 kommt aus dem Sanskrit und bedeutet \u201eAufbruch, Antritt eines Weges, Anfang einer Reise, Marsch\u201c. <\/p>\n\n\n\n<p>Prayana bedeutet f\u00fcr mich, das Leben an sich als eine Reise zu sehen. Egal wie lange wir bereits unterwegs sind, es gibt immer wieder Momente, an denen wir unsere Reise bewusst neu beginnen k\u00f6nnen. Yoga ist dabei ein wertvoller Begleiter auf meiner Lebensreise. <\/p>\n\n\n\n<p>Auf meiner Seite findest du verschiedene Yogakurse, Seminare und Informationen zu psychologischer Yogatherapie in der Einzelarbeit. Alle Yogakurse sind zertifizierte Pr\u00e4ventionskurse und werden von den meisten gesetzlichen Krankenkassen bezuschu\u00dft. <\/p>\n\n\n\n<p>Neben meinen All Level Kursen f\u00fcr &#8222;jedermensch&#8220; liegt ein Schwerpunkt meines Angebots bei Kursen f\u00fcr Frauen. Neben Kursen in der Schwangerschaft und nach der Geburt beinhaltet das auch Kurse f\u00fcr all die Heldinnen des Alltags, denn jeder Lebensweg ist auch eine Held(inn)enreise. <\/p>\n\n\n\n<p>Mach deinen Schritt und beginne die Reise&#8230;<\/p>\n\n\n\n<h2 class=\"wp-block-heading\" id=\"yogakurse\"><\/h2>\n","protected":false},"excerpt":{"rendered":"<p>Das Wort \u201eprayana\u201c \u2013 \u092a\u094d\u0930\u092f\u093e\u0923 \u2013 kommt aus dem Sanskrit und bedeutet \u201eAufbruch, Antritt eines Weges, Anfang einer Reise, Marsch\u201c. Prayana bedeutet f\u00fcr mich, das Leben an sich als eine Reise zu sehen. Egal wie lange wir bereits unterwegs sind, es gibt immer wieder Momente, an denen wir unsere Reise bewusst neu beginnen k\u00f6nnen. Yoga<\/p>\n<div><a class=\"btn-filled btn\" href=\"https:\/\/www.prayana.de\/\" title=\"Prayana\">Weiterlesen<\/a><\/div>\n","protected":false},"author":1,"featured_media":0,"parent":0,"menu_order":0,"comment_status":"closed","ping_status":"open","template":"","meta":{"footnotes":""},"class_list":["post-2","page","type-page","status-publish","hentry"],"_links":{"self":[{"href":"https:\/\/www.prayana.de\/index.php?rest_route=\/wp\/v2\/pages\/2","targetHints":{"allow":["GET"]}}],"collection":[{"href":"https:\/\/www.prayana.de\/index.php?rest_route=\/wp\/v2\/pages"}],"about":[{"href":"https:\/\/www.prayana.de\/index.php?rest_route=\/wp\/v2\/types\/page"}],"author":[{"embeddable":true,"href":"https:\/\/www.prayana.de\/index.php?rest_route=\/wp\/v2\/users\/1"}],"replies":[{"embeddable":true,"href":"https:\/\/www.prayana.de\/index.php?rest_route=%2Fwp%2Fv2%2Fcomments&post=2"}],"version-history":[{"count":68,"href":"https:\/\/www.prayana.de\/index.php?rest_route=\/wp\/v2\/pages\/2\/revisions"}],"predecessor-version":[{"id":440,"href":"https:\/\/www.prayana.de\/index.php?rest_route=\/wp\/v2\/pages\/2\/revisions\/440"}],"wp:attachment":[{"href":"https:\/\/www.prayana.de\/index.php?rest_route=%2Fwp%2Fv2%2Fmedia&parent=2"}],"curies":[{"name":"wp","href":"https:\/\/api.w.org\/{rel}","templated":true}]}}